-2)/(-36)). What is the remainder when ((-28)/10)/((-6)/x) is divided by 4?
2
Let n(c) = c**3 + 20*c**2 + 77*c + 22. What is the remainder when n(-12) is divided by 57?
22
What is the remainder when 15/(-5) + 331 + 2 is divided by 68?
58
Suppose -3*o + 14 = -o. Calculate the remainder when 89 is divided by o.
5
Let z = 2778 - 2760. Let p = -20 + 34. Suppose -3*d + p = -1. What is the remainder when z is divided by d?
3
Let o = 84 + -29. Let w be 16/8 + 21*2. Calculate the remainder when o is divided by (-6 + w)/(1*2).
17
Let g(x) = x**3 - 4*x**2 + x. Let w be g(4). Suppose -3*j - 2*f + w = 0, 2*f + 4 - 12 = -j. Let i = j + 12. What is the remainder when i is divided by 4?
2
Let g = 79 - 43. Let r(f) = 69*f + 1. Let y be r(-1). Let u = 209 + y. Calculate the remainder when u is divided by g.
33
Let z(m) = -6*m**2 + 1. Let c be z(-1). Let r = c - -12. Suppose 5*j - r - 73 = 0. What is the remainder when j is divided by 9?
7
Suppose 0*l = l + y - 222, 0 = l + 4*y - 216. Suppose 7*d - l = -d. What is the remainder when 193 is divided by d?
25
Suppose -3*z + 138 = -0*z. Suppose 23 - 56 = -4*j + 3*b, j = -3*b + 27. What is the remainder when z is divided by j?
10
Calculate the remainder when (-3)/4 - 18445/(-124) is divided by 73.
2
Let l be ((-8)/(-10))/((-2)/(-5)). Suppose -16 = -4*f, -2*f + 17 = l*w - w. Let p = 14 + w. Calculate the remainder when p is divided by 8.
7
Suppose -d + 106 = d - 3*f, -d + 60 = 2*f. What is the remainder when 106 is divided by d?
50
Let h(p) = -90*p - 9. Let f be h(6). Calculate the remainder when (-1*1 - 14)/(61/f) is divided by 17.
16
Suppose -58 = 2*q - w, 5*q + 2*w - 2 + 156 = 0. Let i = q + 46. What is the remainder when 61 is divided by i?
13
Suppose -15*x + 24*x = 18. Calculate the remainder when 10 is divided by x.
0
Let a(m) = 28*m - 3. Let q be a(-1). Let u = q - -154. Calculate the remainder when u is divided by 14.
11
Let q be 4/(-12) - 3/9*-1. Let b = 16 + q. Calculate the remainder when 61 is divided by b.
13
Suppose -5*u + 5*i = -45, 3 + 7 = 5*u + 2*i. Suppose -5*b - u = -4*a, -2*a + 32 = -0*a + 5*b. Calculate the remainder when 16 is divided by a.
4
Let u(m) = -3*m**2 - 18*m + 4. Calculate the remainder when 431 is divided by u(-3).
28
Let q(i) = 488*i + 22. Calculate the remainder when q(1) is divided by 16.
14
Let w = -163 + 175. Calculate the remainder when 91 is divided by w.
7
Let p = -15 + 14. Let v be 6/(-4 - (p - 1)). What is the remainder when 3*(-2 - v)*1 is divided by 1?
0
Let z = -21 - 8. Let a = z + 74. What is the remainder when a is divided by 23?
22
Let g(l) be the first derivative of 15*l**2/2 + l - 4. Let z be g(8). Let m = z + -83. Calculate the remainder when m is divided by 20.
18
Let o = 10 + -10. Let m be o + -1 + (-44)/2. Let t = 50 + m. What is the remainder when t is divided by 14?
13
Let a be 6/(-4) + (-62)/(-4). Let z = a - 6. Calculate the remainder when 29 is divided by z.
5
Suppose s - w = -2*s + 56, -4*s = -5*w - 93. Calculate the remainder when 77 is divided by s.
9
Let p(d) = -d**2 - 40*d - 53. Calculate the remainder when p(-30) is divided by 4.
3
Let x(b) = -3*b**2 - 2*b - 2. Let r be x(-1). Let c be 1/(r/3*1). What is the remainder when 10 is divided by 1*c*3/(-1)?
1
Let o(c) = 3*c**2 + 16*c + 35. What is the remainder when 75 is divided by o(-4)?
18
Let k be (2*4/8)/(1/(-3)). Let t = k - -6. Suppose 0 = -7*n + 3*n + 36. Calculate the remainder when n is divided by t.
0
Let j be 108/14 - (-4)/14. Let h(c) = c**2 - 7*c + 6. Calculate the remainder when 53 is divided by h(j).
11
Let f be 48/10*320/12. Let z = f - 126. Let k = -6 - -10. Calculate the remainder when k is divided by z.
0
Let p(u) = -10*u**3 - u**2 + u + 1. Let j be p(-1). Let y = 9 + j. Let h(d) = -72*d - 2. What is the remainder when h(-1) is divided by y?
16
Let m(a) = -a**3 - 31*a**2 - 75*a + 21. Calculate the remainder when m(-29) is divided by 250.
14
Suppose 5*j - 100 = -3*p, 36*p = -j + 38*p + 7. Calculate the remainder when 1 - (-64 - -1) - 0 is divided by j.
13
Suppose -2*a + 4*a - 1202 = -2*k, 3*k - 2403 = -4*a. Calculate the remainder when a is divided by 86.
84
Suppose -9*y + 916 + 1163 = 0. What is the remainder when y is divided by 39?
36
Suppose 0 = 2*w + 2*s + 7 + 25, -w - 11 = -4*s. Let g = w - -21. Suppose -5 = -5*u + t + 46, 2*t - 52 = -4*u. What is the remainder when u is divided by g?
5
Let k(u) = 4 - 3 + u**2 + 0 - 3*u - 3. Let c be k(-7). Let q = c - 16. Calculate the remainder when q is divided by 18.
16
Let c = 54 + 11. What is the remainder when 5 + -3 + c + 7 + -3 is divided by 15?
11
Suppose -s = -6*g + 8*g - 1, 0 = -4*s - 2*g + 22. Calculate the remainder when 195 is divided by s.
6
Let i be (-3)/((-3)/(-14)) - (-12)/6. What is the remainder when 73 is divided by (-458)/i + (4/24)/(-1)?
35
Suppose 2*d + 3*m - 150 = -3*d, 2*d - m - 71 = 0. Calculate the remainder when 63 is divided by d.
30
Suppose -5*z + 4 - 354 = 0. Let x = -61 - z. What is the remainder when 31 is divided by x?
4
Let v(n) = -n**2 + 71*n - 741. What is the remainder when 201 is divided by v(58)?
6
Let x(f) = 32*f + 61. Calculate the remainder when x(2) is divided by 26.
21
Suppose 0 = 5*h - 3*w - 0*w - 142, h - 30 = w. Calculate the remainder when 39 is divided by h.
13
Suppose -4*d - 514 = -654. What is the remainder when 101 is divided by d?
31
Let m = -1342 + 2263. Calculate the remainder when m is divided by 37.
33
Suppose 0 = 3*t - 5*o + 11, 2*t + 5*o = 9 + 17. Suppose -3*i + 15 = 2*i. Suppose -t*r = i*r - 132. What is the remainder when 41 is divided by r?
19
Let h = -13 + 31. Let y = 23 - h. Suppose -4*g = -y*n + 111, -3*n + 5*g = -0*n - 77. What is the remainder when n is divided by 10?
9
Suppose 3*m = 5*l - 36, 77*l + 3*m + 9 = 79*l. What is the remainder when 397 is divided by l?
1
Suppose -19 + 4 = -3*z. Suppose -l + 5 = -3*v - 16, z*l - 53 = 2*v. What is the remainder when 160 is divided by l?
7
Suppose -2*m - 3*r = 15, r + r + 10 = 2*m. Suppose m*u = -3*u - 3. What is the remainder when 48 is divided by u/4 - 404/(-16)?
23
What is the remainder when 46 is divided by (-11 + 5 + -3)*(-16)/12?
10
Let u(j) = j - 1. Let w(o) = -8*o + 1. Let k(a) = 6*u(a) + 2*w(a). Let l(y) = 10*y + 63. What is the remainder when k(-4) is divided by l(-5)?
10
Suppose 1 = b, -2*l + 4*b = -37 - 115. What is the remainder when l is divided by 41?
37
Suppose h + 5*m + 9 = 0, 5 = 3*h - 8*h - 5*m. Calculate the remainder when 31/h - 14/35*5 is divided by 6.
5
Suppose 10*u - 18*u = -56. Suppose -2*x - 2*x = -248. What is the remainder when x is divided by u?
6
Let c = -5379 + 7738. What is the remainder when c is divided by 118?
117
Let v = -285 - -520. What is the remainder when v is divided by 17?
14
Let m(g) = g**2 + 4*g + 83 - 3*g - 8. Suppose -2*x + 42 = -o + 61, 57 = 3*o - 3*x. What is the remainder when m(0) is divided by o?
18
Let u = -2214 - -2254. What is the remainder when 357 is divided by u?
37
Calculate the remainder when 68 is divided by 0 + 4 + 18 + -13.
5
Let q = 609 + -527. What is the remainder when q is divided by 52?
30
Let u(i) = 7 + 4 - 50*i - 43*i + 91*i. Calculate the remainder when 72 is divided by u(-7).
22
What is the remainder when 48 is divided by (20/(-6) - (-20)/12)*-6?
8
What is the remainder when 62 is divided by 6 + 264/30 - (-16)/(-20)?
6
Suppose 3*q - c = 3*c - 39, q - 5*c + 13 = 0. Let y = q + 31. Suppose 5*o - 7 = y. Calculate the remainder when 13 is divided by o.
3
Let x be 6/8 - 99/(-12) - -3. Suppose -2*r = x - 92. Calculate the remainder when r is divided by 14.
12
Let b(j) = j**3 + 6*j**2. Let o be b(-6). Suppose -15 = r + 2*x - 4, o = -4*r + 5*x - 5. Calculate the remainder when 5/(-2)*8/r is divided by 3.
1
Let n(k) = k**3 - 5*k**2 + 2*k - 2. Let f be n(6). Suppose i - f = -i. Let q = 238 + -148. What is the remainder when q is divided by i?
21
Let a(q) = -25*q - 140. What is the remainder when 82 is divided by a(-6)?
2
Suppose 3*k = -4*k. Let l(c) = c**2 - c + 238. Let w be l(k). Calculate the remainder when (-18)/(-45) + w/5 is divided by 17.
14
Let h = -21 - -21. Suppose -2*j = -0*j - 4*y - 422, -j + y + 212 = h. Suppose -r + 4*r = j. Calculate the remainder when r is divided by 15.
11
Let i be (70/(-30))/(2/6). Suppose 0 = 3*t - 1 - 5, 3*t - 53 = -p. What is the remaind